*y = -228. What is the greatest common factor of 120 and c?
24
Let g(b) = -b**2 + 3*b + 1. Let n be g(3). Let p(z) = -z - 2. Let v be p(-9). Calculate the greatest common divisor of v and n.
1
Suppose 0 = -3*w + 2*m + 2, w = -m + 3 + 1. Suppose w*x + x + 5*s = 59, -s = -4. What is the greatest common factor of x and 13?
13
Suppose 3*n = -4*c + 37, -6*c + c = -3*n - 26. Let u = -4 + c. Let b = 14 - u. Calculate the greatest common factor of b and 55.
11
Let k(r) = 19*r - 2. Let n be k(4). Suppose -5*i - 9 = -n. Calculate the greatest common divisor of 143 and i.
13
Suppose -2*v + 4*q - 10 = -4*v, -40 = -3*v - q. Suppose b + 4*b = 0. Suppose -4*o + 241 + 59 = b. What is the greatest common divisor of v and o?
15
Let k = 154 + -142. Calculate the greatest common factor of k and 204.
12
Let i(b) = b**3 - b**2 - 3*b. Let q be i(4). Let w be 44/10 + 2/(-5). Calculate the greatest common divisor of w and q.
4
Suppose b - 1 + 2 = 0. Let d be 2 - (-135 - (-3 - b)). What is the greatest common divisor of d and 15?
15
Suppose 5*q - 10 = 10. What is the highest common factor of q and 1?
1
Let d = 10 + 10. Let o be (-12)/(-5)*d/8. Calculate the highest common divisor of 3 and o.
3
Let p be (16/(-60))/2 + 364/30. What is the greatest common divisor of p and 48?
12
Let f = 10 - -22. Let r = f - 22. Let i be (-2 + 3 - 5)/(-1). Calculate the greatest common divisor of i and r.
2
Suppose -g = -5*q + 359, 3*q - 7*g + 2*g - 211 = 0. Calculate the greatest common divisor of q and 18.
18
Suppose -2*o + o - l = -3, -2*l - 15 = -5*o. Suppose -o*f - 2*f = 0. Let s = 9 + f. Calculate the greatest common factor of s and 36.
9
Suppose 0*u = -5*u + 20. Suppose 3*q + 2*g = -3, -q + 2*q - g + 6 = 0. Let f be (-4)/(-12) + (-11)/q. What is the highest common divisor of f and u?
4
Let z be (24/72)/(2/66). Calculate the highest common divisor of z and 88.
11
Suppose 0 = -p - p + r + 97, 3*r - 85 = -2*p. Let d = 1 + p. What is the greatest common factor of d and 6?
6
Suppose -4*n - 4*u = -4, 2*n + 13 = -3*u + 4*u. Let v be (-6 - n) + (0 - -26). Suppose -v = i - 3*i. What is the greatest common divisor of 12 and i?
12
Suppose a + 1 = 3. Let s(v) = -17*v - a - 4 + 0 + 2. Let g be s(-4). Calculate the greatest common factor of g and 16.
16
Let a(h) = -2*h**3 - 5*h**2 - h + 2. Let y be a(-3). Let l = y - -17. Suppose -l - 49 = -5*u. Calculate the highest common factor of u and 4.
4
Suppose 2*i - 5*k = 35, -k - 99 = -5*i - 0*i. Calculate the greatest common factor of 10 and i.
10
Suppose 331 - 55 = 3*h. Calculate the highest common factor of h and 46.
46
Let p(y) = -y**2 - 20*y - 3. Let b be p(-16). Calculate the greatest common divisor of 427 and b.
61
Let m(f) = -f**2 + 8*f - 2. Let j be m(6). Let p = -395 + 397. What is the greatest common divisor of p and j?
2
Let l be (-1)/(1*-1)*1. Let r = -12 - -14. Let o = l + r. What is the greatest common divisor of o and 15?
3
Suppose 11 = 3*u - 5*g, 2*g - 3*g = 1. Suppose -4 + 3 = x + 4*v, x + 2 = -5*v. Suppose -x*l = -u*l - 24. Calculate the greatest common divisor of l and 60.
12
Let a = 16 - -9. Calculate the highest common factor of 25 and a.
25
Let x be -13*1*1*-1. Let n(z) = -z**2 + 6*z - 2*z**2 - 6*z**3 - 3*z + 1 - 4*z. Let f be n(-2). Calculate the greatest common factor of f and x.
13
Let m be (53 - -2) + (-7 - -8). What is the greatest common divisor of 14 and m?
14
Let f(u) = 25*u**2 + u - 2. Let l be f(-2). Calculate the highest common divisor of 32 and l.
32
Let k be 0/(1 + (-2 - 1)). Let u be (-30)/((2/(-3))/2). Suppose -v + 3*i = -u, k = 5*v - 3*i - 389 - 85. What is the highest common factor of 12 and v?
12
Suppose h = -4, 3*c = -h + 5*h + 226. What is the greatest common divisor of 10 and c?
10
Let i(n) = 2*n + 61. Let a be i(-23). What is the greatest common divisor of a and 15?
15
Let z be (0 + 0 + 2)*4. Suppose 8 = 2*o + d - 3*d, 0 = 2*d - z. Let n be (-638)/(-10) + (-1)/(-5). Calculate the greatest common factor of n and o.
8
Suppose -2*t + 2 = 0, 2*d - 5*t = -d - 17. Let b = -2 - d. Suppose b*c = 6 + 10. What is the greatest common factor of c and 72?
8
Let m be (((-8)/(-6))/1)/(13/78). Calculate the greatest common factor of 4 and m.
4
Suppose 2*z + 4*c = 50, -3*c + 109 = 5*z - c. Calculate the highest common factor of z and 63.
21
Let p = 110 + -60. Calculate the highest common factor of p and 10.
10
Suppose -6*m + 3*m + 3*l + 15 = 0, 0 = -4*m - l + 30. What is the highest common divisor of 21 and m?
7
Suppose 3*v + 0*z = -2*z - 2, -2*v + 8 = -z. Let k = 9 - 1. Let h = k - -2. Calculate the highest common factor of h and v.
2
Let y = 80 + -53. Calculate the greatest common factor of y and 18.
9
Suppose -8*v + 4*v = -12. Suppose 40 + 8 = 4*r + 4*i, 28 = 5*r - v*i. What is the greatest common factor of r and 12?
4
Let w be -133*(4/(-112) - (-2)/(-8)). Calculate the highest common factor of w and 2.
2
Suppose -38 = -4*n + 34. Let h be 2/(40/n - 2). What is the greatest common factor of 63 and h?
9
Let j be (3/2)/((-6)/(-40)). Let a be (-1)/(2/(-6)) - -7. What is the highest common divisor of a and j?
10
Suppose 0 = -4*x + 4. Let o(t) = -1. Let m(n) = n**2 - n + 6. Let j(s) = m(s) + 4*o(s). Let g be j(0). What is the greatest common factor of g and x?
1
Suppose -2*v + g + 41 = 2*g, -5*v - g + 104 = 0. Suppose 4*l - 45 = -3*q + 14, -4*l = -5*q + 109. What is the greatest common divisor of q and v?
21
Suppose 15*j - 12*j = 204. What is the highest common divisor of 340 and j?
68
Suppose -4*p + 90 = -p. What is the highest common divisor of 10 and p?
10
Let f(k) = -5*k**3 + k. Let g be f(-1). Let j(d) = -12*d + 4. Let m be j(-1). What is the greatest common divisor of g and m?
4
Let c be (-1 - -9)/(12/18). Calculate the highest common factor of c and 48.
12
Suppose 18 - 6 = 3*y. What is the highest common divisor of y and 16?
4
Let a(o) = o**2 - 8*o + 8. Let b be a(7). Let y = 4 + b. Suppose 0 = 4*s + 5*g - 35, -3*s - 4*g + 2*g = -28. What is the highest common factor of s and y?
5
Suppose -11 = -2*v - 5*a, 5*v = -2*a + 7 + 10. Let o = -2 - v. Let h be o + 4 + (-236)/(-2). Calculate the highest common factor of 13 and h.
13
Suppose -4*w = -4 - 4. Calculate the highest common factor of 14 and w.
2
Suppose 0 = -2*f - 0*f + 12. Suppose -4*r - o + 20 = 0, -3*r + f*o - 2*o = -15. Suppose r*j - 72 = 2*j. What is the greatest common factor of 6 and j?
6
Suppose 524 = 4*c - 3*p, 0 = 5*c + p - 552 - 84. What is the greatest common divisor of 8 and c?
8
Suppose 0 = -2*u + 5*u. Suppose u = -d - 1 + 6. Suppose -d*t = -4*i - 441, 0 = 5*t + 2*i - 437 + 20. Calculate the greatest common factor of 17 and t.
17
Suppose 2*z - 4*g - 452 = 0, -z + 97 + 111 = 4*g. What is the greatest common divisor of 44 and z?
44
Suppose 2*q + 3*y = -2*q + 1281, -1311 = -4*q + 3*y. Calculate the highest common divisor of 36 and q.
36
Suppose 0 = 2*b - 16 - 52. Let m = 11 - 10. Let u(p) = 51*p**3 + p**2 - 1. Let r be u(m). What is the greatest common factor of b and r?
17
Let v(o) = -o + 4. Let k be v(6). Let p be k/8 - 34/(-8). Suppose -3*x + 4*x - 13 = q, p*q = -8. Calculate the highest common divisor of x and 11.
11
Suppose -3*b + 20 = b. Suppose b*c + 6 = -4. Let t be (0 - c) + -4 - -14. What is the greatest common divisor of 4 and t?
4
Suppose 0 = -2*u + 6 + 8. What is the highest common divisor of u and 21?
7
Suppose -3*o + 16 - 1 = 0. Suppose 0 = o*k - 42 + 2. Let p = -18 - -26. Calculate the greatest common factor of p and k.
8
Let o(w) = -10*w**3 - 3*w + 2. Let k(h) = 51*h**3 + 16*h - 11. Let q(d) = 2*k(d) + 11*o(d). Let y be q(-1). What is the highest common divisor of 99 and y?
9
Let u(k) = 13*k**2 - 9*k + 9. Let t be u(3). Let m = 12 + -3. What is the highest common factor of t and m?
9
Let a(m) = -m**3 + 4*m**2 + m - 1. Let r be a(4). Let f = r + 5. What is the highest common divisor of 24 and f?
8
Let q = -19 - -19. Let p be 0 + 15 - (q - 1). Let n(y) = 23*y**3 - 2*y**2 + y - 2. Let o be n(2). What is the highest common divisor of o and p?
16
Let i(x) = -x**2 - 12*x + 10. Let g be i(-13). Let f be -6 + (g/(-3) - 4). Let p = 11 + f. Calculate the highest common factor of p and 16.
2
Let d be -6 + 5 - (1 - 1). Let b = 13 + 3. Let z be b - (0 - (-2 - d)). Calculate the greatest common factor of z and 3.
3
Let h = -25 - -51. Let w = 5 + 0. Sup